))?
5
What is the value of -22 + 17 - (3 + -2 - 12)?
6
-10 + (6 - 2) + 3
-3
3 + 1 + -3 - -2 - 4
-1
3 + -1 - (5 - -5)
-8
What is 6 - 12 - -6 - (-2 - -5)?
-3
9 + -11 + 0 + 5
3
Calculate 3 + -6 + 3 - (-1 - -7).
-6
What is the value of -1 - (-1 + 4 + -6)?
2
(0 - 7) + -142 + 149
0
44 + -43 - (-3 - (-9 - 3))
-8
-1 + 1 - (3 - 1)
-2
-2 + (0 - -3) + (-2 - -5)
4
What is the value of 3 + (-1 - (0 + 1))?
1
13 - 8 - (0 - (-1 + -1))
3
10 - (2 + -1 + 4)
5
Evaluate 4 - (1 + 1 + (-13 - -19)).
-4
-7 + ((-9 - -5) + 10 - 1)
-2
Calculate (-15 + 8 - -13) + -1.
5
What is the value of 4 - (-10 + 13) - (-6 - -2)?
5
What is the value of -7 + 7 - (0 + -2 - 2)?
4
Calculate -1 - (-3 - -3 - 1) - 0.
0
Calculate 6 + 4 + -6 - 6.
-2
-1 + (0 - -7 - 1)
5
What is the value of 5 - (-13 + 6) - 6?
6
What is the value of (-11 - -13) + 2 + -2?
2
12 + 8 + -23 - -3
0
Evaluate 2 + (6 - 4) - (-7 + 5).
6
3 - (-3 - (-5 - (3 + -8)))
6
Evaluate -2 + 14 - (52 + -43).
3
(-5 + 2 + 4 - -3) + 0
4
What is 2 + (-2 - -5) + -6 - 6?
-7
Evaluate -1 + 2 + (-7 - -10).
4
1 + 1 - (-2 + 3 + -4)
5
Calculate (-2 - (15 - 2)) + (-44 - -51).
-8
4 + (2 - (0 - -3))
3
What is -24 - -26 - (7 + -2)?
-3
Calculate 1 - 0 - (15 + -24 + 13).
-3
What is -6 + 6 - (4 - (0 - -2))?
-2
Evaluate (0 - -1 - 0) + -15 + 13.
-1
What is 2 + -9 - -13 - 11?
-5
What is 84 + -97 + -1 + 10?
-4
What is the value of -5 - (0 + -5 + -4)?
4
Calculate -4 - (-3 + -10 - -4).
5
What is (-4 + 3 - -2) + -2?
-1
Evaluate 5 + (-3 - -1) + -3 + -5.
-5
(3 - (-1 - -5)) + -2
-3
What is (0 - -2) + (42 - 49)?
-5
Evaluate 2 + (3 - 3) + 4 - 4.
2
Evaluate (-3 - -4) + -14 - -7.
-6
Calculate (-8 - (6 - 15)) + (2 - 2).
1
What is the value of 4 - (4 - -3) - (-4 + 1)?
0
Evaluate 3 - 0 - (6 + -6).
3
What is 1 - (1 + 1 - 0 - -1)?
-2
What is -1 + 0 + -2 + -1?
-4
What is 4 + (-7 - -9) - 10?
-4
What is 3 + (0 - -2) + (20 - 17)?
8
What is -1 + -10 + 10 + 5 + -1?
3
Evaluate 4 + (-1 + -3 + 0 - -4).
4
Evaluate (3 - ((1 - 3) + -2)) + -2.
5
1 + 1 + (15 - 15)
2
Evaluate 9 - (-4 - 3 - -15).
1
(5 - (-5 + 4)) + -2 - -1
5
Evaluate 2 + (-2 - (0 + -2)).
2
Calculate 0 + 0 - -8 - (-1 - -5).
4
What is the value of 0 + 4 + (-12 + 9 - 3)?
-2
Calculate (1 - (2 - 0)) + 3.
2
-7 + (6 - 2) + 2 + 12
11
Calculate -9 + 6 + 0 - (-5 + 1).
1
Calculate 4 - (7 - -3) - -13.
7
Evaluate 8 + (-10 - -3) + 3.
4
Evaluate -2 + -8 + (6 - 4).
-8
What is the value of 4 + (0 - 3) - (2 - 3)?
2
Calculate -3 + -4 + 7 + (-3 - 1).
-4
Evaluate 4 - (17 - (12 - 3)).
-4
What is the value of -17 + (2 - -3 - -5)?
-7
What is the value of -4 + 2 + -4 - -2?
-4
What is 0 + -6 - (-7 - -4 - 6)?
3
10 - (8 + -8 - -6)
4
Calculate 1 + -1 + -1 + 1.
0
What is the value of (-4 - -2) + -3 + (-1 - -8)?
2
What is the value of 2 + (1 - -4) - (-31 + 37)?
1
What is the value of -3 + 6 + (0 - -2)?
5
Calculate 4 - (-3 + -2 - -6 - 1).
4
What is the value of 25 + -29 - (-3 + 2)?
-3
4 + (-3 - 3) + 4
2
What is -2 - -5 - (-2 - -4)?
1
Calculate -9 - (5 - (-5 + 14)).
-5
9 - (4 + 0 - -5)
0
What is the value of (2 - 5) + (17 + -2 - 17)?
-5
Calculate (-2 - 1) + -1 + (8 - 14).
-10
What is -27 - -24 - (-2 + 0)?
-1
What is -3 - 4 - (32 + -31)?
-8
Calculate (-11 - (-6 - 4)) + 0 + -1.
-2
1 + -6 + (-2 - -5)
-2
What is (11 + -10 + 4 - 3) + -2?
0
Calculate 3 - (-4 - (-12 + 8)) - 6.
-3
Calculate (3 - 3 - 6) + 6.
0
Calculate -1 + 2 + 1 + (2 - 0).
4
7 + -3 + 9 + (-2 - 17)
-6
What is the value of -3 + (-4 - (-9 - 0))?
2
What is the value of -5 - (-3 + 5 + -2)?
-5
Calculate (1 - -1) + -38 + 37.
1
Calculate 6 + -1 + 16 + -24.
-3
(-1 - (2 - -11)) + (15 - 8)
-7
Calculate 15 - 5 - (-3 + 9).
4
Evaluate 1 + 3 + -2 - (-16 + 16).
2
What is 6 + -11 + 6 + -2?
-1
What is 0 + (3 - 2) - (6 - 3)?
-2
Calculate 8 + 3 + -3 + -7 + -3.
-2
Calculate 5 + 2 + 6 + (-24 - -2).
-9
Calculate 4 + -3 + (1 - 0) + -2.
0
-2 + (-3 - 0) + -2
-7
What is the value of (7 - 2) + -16 + 13?
2
Evaluate 1 - (0 - (-2 - -3)).
2
Evaluate (-5 + 0 - -7) + -3.
-1
Evaluate 0 + -5 + -1 + 2.
-4
What is the value of 14 + -5 - (4 + 5)?
0
Calculate (-6 - 3) + -3 + 15.
3
Evaluate (-2 - -6) + (-9 - -3).
-2
Calculate -1 + (2 - (2 - -3) - -1).
-3
Evaluate -5 - 6 - -7 - -8.
4
What is the value of -1 + (5 - 6) - 3?
-5
-3 + -18 + 22 + (-1 - -1)
1
Calculate -1 + (-11 - -12 - (2 - 0)).
-2
What is 2 + -1 + -3 + 2 - 2?
-2
Evaluate -3 + (-2 - -5) - -3.
3
Evaluate -4 + 10 + -3 + (2 - 2).
3
Calculate (-3 - -7) + -4 + -3.
-3
What is 16 - 23 - (-2 + -17 + 2)?
10
What is the value of 0 + -2 + (1 + -6 - -9)?
2
Calculate -8 + 11 + 3 + -6.
0
Calculate 1 - ((-2 - 0) + 7).
-4
What is the value of (1 + -8 - (-4 - 0)) + -1?
-4
What is the value of 3 + 2 + (6 - (13 - 6))?
4
2 - 2 - (15 + -10)
-5
Calculate 1 - 2 - (7 + -5).
-3
-6 - 4 - -4 - (2 + -10)
2
Calculate -4 - (-10 + 4 - -10 - 9).
1
-28 + 24 + 1 + -1 + 0
-4
What is 1 - (-2 - 2 - -5)?
0
Calculate 3 - (2 + (-2 - -3) + -6).
6
What is the value of (1 - 0) + (-91 - -94)?
4
What is -4 + (-14 - -27 - 17)?
-8
(4 - (2 + 0)) + -4
-2
What is the value of -13 - 1 - -6 - -14?
6
-5 + (9 - 8) + (-2 - -10)
4
What is the value of -2 + (-1 - 1 - 0) - -3?
-1
1 + (6 - (0 - -5))
2
What is the value of -3 - (4 - (-3 + 5) - 4)?
-1
(-10 - 0) + 2 + -1 - -6
-3
What is 5 + -1 + -5 - (0 + -3)?
2
-2 + -1 + (1 + -7 - -7)
-2
(6 - 5) + -2 + -1 - 0
-2
What is -19 - 0 - (231 + -240)?
-10
1 + (-4 - 5 - (-3 + 0))
-5
What is the value of -5 - (-5 - (1 + -6))?
-5
Calculate -12 + (4 - (-13 - -11)).
-6
What is the value of 3 + 3 + -2 + (1 - 4)?
1
What is the value of -2 + (12 - (13 + -2))?
-1
Calculate 14 - (2 + 1 - -4) - 7.
0
What is the value of (2 - -3) + (-11 - -3)?
-3
What is the value of -3 + 1 + (-6 - -6)?
-2
Evaluate -12 + 1 - (-38 + 31).
-4
5 - (20 + -14 + (0 - 0))
-1
Evaluate -10 - ((6 - (-1 - -4)) + -7).
-6
What is the value of -1 - ((4 - 1 - 3) + 0)?
-1
1 + 1 + -2 + -2 - 3
-5
Evaluate 6 + -5 + (0 - 4) - 7.
-10
What is the value of 7 - 2 - (-2 + -5 + 11)?
1
Evaluate 0 + 0 + -6 + 6 - 6.
-6
-2 - (4 + -1 + -7) - 2
0
What is (-5 + 6 - 4) + -1 + -1?
-5
What is -4 + (-3 - 2 - (-11 + 6))?
-4
What is 0 + -5 + (39 - 32)?
2
Evaluate 1 + -10 + -16 + 23.
-2
Calculate -5 + (-1 - -11) + -6 - 4.
-5
Calculate -7 - (1 + -14) - (0 + 2).
4
What is the value of -5 - (-5 - 6 - -4)?
2
What is -3 - (-7 + -3 + 5 + -1)?
3
Calculate 12 + -10 + 3 - (-1 - 5).
11
What is the value of 0 - (2 + -7) - (5 - 4)?
4
Calculate -49 + 50 - (1 - 7).
7
What is -1 + -3 + 2 + -6 - -3?
-5
What is the value of 2 + (-1 - -5) + -12?
-6
What is 4 + (1 - 2 - 2) - 4?
-3
-6 + (4 - (6 - 6))
-2
Calculate -2 + 2 + -4 + -54 + 52.
-6
3 + 0 - 3 - (34 + -23)
-11
(4 - 0) + (-15 - -13)
2
Evaluate 10 + (-4 - 4) + -6.
-4
What is 1 - (3 + (1 - (6 - 3)))?
0
Calculate (1 - 4 - -1) + 48 + -39.
7
What is the value of 3 + 0 + 0 + -7 - -3?
-1
Evaluate -14 - (1 + -4) - -4.
-7
Evaluate 12 + (-5 - (-6 - -7)).
6
Evaluate -2 + (-5 + 16 + 0 - 8).
1
What is the value of 2 - ((3 - 2) + 4)?
-3
Evaluate 3 + (4 - 20) + 8.
-5
What is the value of 1 - (1 - (-4 - -8))?
4
What is 0 + -1 - -7 - (18 + -6)?
-6
Calculate -9 + 6 + (5 - 7).
-5
What is the value of 0 - (-5 + 7 + 2)?
-4
Calculate 4 + (-9 - (0 - (-7 + 14))).
2
What is -20 + 16 + 6 + -8?
-6
What is the value of -5 - 0 - (-1 - 1)?
-3
-6 - (6 + (-8 - -3))
-7
Evaluate -3 + (8 - 5) + 4.
4
-9 - -26 - (-7 - -15)
9
Calculate -4 - (-13 + 4 - -10).
-5
Evaluate -1 - ((4 - 1) + -3 + 3).
-4
Calculate -2 + 2 + 4 + -3.
1
Evaluate 19 + -27 - (4 - 8 - -1).
-5
What is -4 + 2 + (3 + -3 - 4)?
-6
What is 3 + (0 - (1 - 1) - 3)?
0
(-9 + 5 - -7) + -5
-2
What is 2 + 9 - (0 + (8 - 4))?
7
What is the value of (5 + (-4 - -1) - -1) + -1?
2
Evaluate (8 - -1) + -20 + 16.
5
Evaluate (-3 - (-9 + 5)) + -4.
-3
Calculate -1 + 15 - (198 - 192).
8
Calculate -1 + -3 + 2 + 0.
-2
Calculate 4 + 1 + -5 + 4.
4
Calculate 18 + (-11 - 3) - (1 + 1).
2
Evaluate 0 + 1 + 5 - 8.
-2
What is 2 + 2 + (-1 - -2) + 0?
5
What is the value of -2 + 5 - (13 - 5)?
-5
What is 5 + -4 + (-4 - (-3 - 0))?
0
Evaluate 2 + -2 - (-3 + (-3 - -10)).
-4
1 + (4 - 5) + (-1 - -10)
9
Calculate 6 - (0 - -5) - 1.
0
What is the value of 5 + 1 + (24 - (1 - -35))?
-6
Evaluate 5 + -14 + 7 + 3.
1
1 + -4 + (-15 - -8 - -7)
-3
(0 - (-3 - -2) - -4) + 0
5
8 + -5 + (6 - -3) + -6
6
What is -3 + 3 + -3 - -1 - -7?
5
What is 1 + -9 + 2 + 7?
1
Evaluate 0 - (3 + -7 - -6) - -3.
1
What is the value of 1 + (-5 - -2) + -2 + 3?
-1
Calculat